36*x**2 + 32*x + 19. Give c(-35).
124
Let n(t) = 18*t**2 + 36*t - 207. Determine n(-4).
-63
Let o(j) = -2*j**2 - 48*j - 170. Give o(-20).
-10
Let i(k) = -3*k**2 + 423*k + 5506. Give i(153).
-2
Let g(p) = 3*p**2 - 7*p - 7. Determine g(3).
-1
Let h(f) = -f**3 - 2*f**2 + 85*f + 5. Determine h(0).
5
Let b(d) = d**2 + 54*d + 78. Give b(-53).
25
Let x(s) = 2*s**3 - 16*s**2 - 38. What is x(7)?
-136
Let h(p) = 10*p**2 - 296*p - 124. Determine h(30).
-4
Let k(n) = n**2 + 5*n - 132. Determine k(-14).
-6
Let f(w) = 2*w**3 + 135*w**2 + 2271*w - 32. Determine f(-32).
0
Let m(u) = 5*u - 889. What is m(117)?
-304
Let j(t) = -t**3 - 33*t**2 + 49*t - 747. Give j(-35).
-12
Let u(w) = 12*w + 452. Determine u(-37).
8
Let n(u) = 32*u + 1283. What is n(-40)?
3
Let l(z) = -2*z**3 + 32*z**2 - 73*z - 254. What is l(12)?
22
Let f(v) = 4*v**3 - 5*v + 3. Give f(-4).
-233
Let l(z) = -13*z**3 - 3*z**2 - 5*z - 1. What is l(-2)?
101
Let a(n) = 9*n**2 + 2*n + 98. What is a(5)?
333
Let w(m) = -m**3 + 11*m**2 - 21*m + 14. What is w(7)?
63
Let b(f) = -f**2 - 455*f + 9995. Determine b(21).
-1
Let s(v) = 2*v - 100. Determine s(58).
16
Let k(f) = -f**2 + 331*f + 3406. Determine k(-10).
-4
Let c(a) = a**3 - 7*a**2 + 16*a - 45. Calculate c(4).
-29
Let c(l) = -16*l - 190. Give c(-6).
-94
Let z(j) = -j**2 + 22*j - 4. Give z(16).
92
Let s(m) = -395*m - 1577. Determine s(-4).
3
Let i(v) = -2*v**3 - 11*v**2 - 24*v + 8. Give i(-4).
56
Let z(a) = 37*a - 1778. Determine z(46).
-76
Let y(s) = s**3 - 10*s**2 - 7*s + 147. What is y(5)?
-13
Let q(x) = -5243*x + 31464. Determine q(6).
6
Let j(k) = k**2 - 81*k + 1581. Calculate j(35).
-29
Let o(y) = y**3 + 69*y**2 + 2*y + 230. What is o(-69)?
92
Let w(f) = 10*f + 72. Determine w(-14).
-68
Let v(f) = -f**2 - 16*f + 365. Determine v(13).
-12
Let z(k) = -8427*k - 109561. Give z(-13).
-10
Let z(u) = 9*u**2 - 239*u - 70. Calculate z(27).
38
Let k(n) = -n**3 - 17*n**2 - 3*n - 97. Calculate k(-17).
-46
Let p(u) = 525*u - 3190. What is p(6)?
-40
Let l(f) = -f**3 + 37*f**2 - 324*f + 44. Give l(23).
-2
Let r(s) = -79*s + 3799. What is r(48)?
7
Let u(v) = -3*v**3 - 64*v**2 + 116*v + 53. Calculate u(-23).
30
Let f(x) = 581*x + 2904. What is f(-5)?
-1
Let u(b) = -18*b**3 + 2*b**2 - 6*b + 3. Give u(1).
-19
Let v(f) = -f**2 - 994*f + 3988. Give v(4).
-4
Let p(l) = -755*l - 10610. What is p(-14)?
-40
Let o(u) = -3*u**3 - 89*u - 201. Determine o(-2).
1
Let d(t) = -129*t - 665. Calculate d(-3).
-278
Let t(x) = -2*x**2 - 146*x + 178. Give t(-74).
30
Let o(u) = -2432*u + 4865. What is o(2)?
1
Let y(x) = -53*x**2 + 149*x - 15. Give y(3).
-45
Let q(j) = -j**3 - 51*j**2 + j + 65. Calculate q(-51).
14
Let u(c) = c**2 - 9*c - 2731. Give u(57).
5
Let f(n) = 37*n**2 - 15*n + 5. Give f(-1).
57
Let m(b) = -259*b - 43. Give m(1).
-302
Let w(j) = 115*j + 22190. What is w(-193)?
-5
Let h(v) = -5*v - 117. Calculate h(-12).
-57
Let p(f) = f**3 + f**2 - 6*f - 43. Determine p(-5).
-113
Let i(g) = -3*g**2 + 251*g - 2863. Calculate i(70).
7
Let n(p) = 34249*p - 34256. Calculate n(1).
-7
Let y(q) = -q - 10. Determine y(3).
-13
Let k(v) = -2*v**3 - 171*v**2 + 106*v + 1720. Determine k(-86).
0
Let h(v) = v**2 - 5*v - 329. What is h(21)?
7
Let v(b) = 37*b + 425. Determine v(-11).
18
Let k(v) = -v**3 - 17*v**2 - 38*v - 364. Give k(-16).
-12
Let f(v) = -v**3 - 2*v**2 - 99*v - 297. What is f(-3)?
9
Let t(v) = v**2 - 25*v - 351. Give t(34).
-45
Let y(k) = 5*k**3 + 95*k**2 - 89*k + 214. Give y(-20).
-6
Let m(y) = 2*y**2 - 705*y + 32713. What is m(55)?
-12
Let p(v) = -v**3 + 62*v**2 + 9*v - 367. What is p(62)?
191
Let w(a) = -2*a**2 - 3*a - 6. Give w(7).
-125
Let z(b) = 4*b**3 + 190*b**2 - 3293*b + 53. Calculate z(-61).
-8
Let i(h) = -342*h - 716. What is i(-2)?
-32
Let v(o) = 2*o**3 + 17*o**2 + 6*o - 11. Give v(-8).
5
Let d(n) = -n**3 - 28*n**2 + 23*n - 180. What is d(-29)?
-6
Let f(i) = 347*i - 1025. Determine f(3).
16
Let k(a) = -88*a - 5538. Calculate k(-63).
6
Let a(h) = 2230*h + 22299. Calculate a(-10).
-1
Let m(h) = h**3 - 41*h**2 + 25*h - 371. Give m(41).
654
Let s(l) = l**2 - 40*l - 390. Determine s(48).
-6
Let k(g) = 2*g**2 - g + 3. Determine k(7).
94
Let h(p) = -p**3 + 21*p**2 + 20*p + 50. Determine h(22).
6
Let k(t) = 39*t**2 - 780*t + 70. Give k(20).
70
Let y(w) = -w**3 + 22*w**2 + 41*w + 254. Calculate y(23).
668
Let o(c) = -c**2 - 12*c - 108. What is o(-10)?
-88
Let d(z) = -z**3 - 4*z**2 - z - 6. Calculate d(-5).
24
Let t(y) = 793*y + 13473. What is t(-17)?
-8
Let l(y) = -12*y**2 - 180*y - 363. What is l(-2)?
-51
Let y(l) = 2*l**2 + 125*l - 1369. Determine y(10).
81
Let d(j) = -2*j**3 - 9*j**2 - 2*j + 7. Determine d(3).
-134
Let y(i) = -82*i**2 + 736*i + 11. Calculate y(9).
-7
Let w(q) = 120*q - 153. Determine w(6).
567
Let z(c) = 2*c**3 + 16*c**2 - 99*c - 800. Give z(-7).
-9
Let z(c) = -c**3 + 4*c**2 + 11*c + 62. Determine z(10).
-428
Let z(o) = -2*o**2 - 10*o + 231. What is z(-18)?
-237
Let d(o) = -69*o - 31. Calculate d(-2).
107
Let f(w) = -w**3 + 26*w**2 + 44*w + 330. What is f(28)?
-6
Let u(b) = 4701*b - 14100. Give u(3).
3
Let i(l) = -11*l - 826. Calculate i(-75).
-1
Let u(c) = c**3 - 78*c**2 - 750*c + 53007. Give u(79).
-2
Let f(k) = -18*k + 737. Calculate f(41).
-1
Let i(s) = 25*s**3 - 14*s - 13. Give i(-1).
-24
Let l(i) = -1863*i - 1885. Calculate l(-1).
-22
Let i(t) = 16*t**2 + 62*t - 275. Calculate i(4).
229
Let m(d) = -1382*d - 10856. What is m(-8)?
200
Let c(g) = g**2 - 207*g + 1203. What is c(6)?
-3
Let y(u) = -26*u**2 + 402*u + 10. Calculate y(15).
190
Let s(z) = 76*z + 169. What is s(-4)?
-135
Let u(q) = 264*q - 257. Give u(-1).
-521
Let b(a) = 140*a - 473. What is b(4)?
87
Let h(u) = -u**3 + 7*u**2 - 35*u + 64. Give h(3).
-5
Let i(o) = -2*o**2 - 21*o + 142. Give i(6).
-56
Let m(x) = -x**3 - 29*x**2 + 21*x - 273. Give m(-30).
-3
Let r(p) = -p**2 - 3*p - 19. Give r(-8).
-59
Let t(b) = -3*b**2 - 4430*b + 35634. What is t(8)?
2
Let y(o) = 4*o**2 + 52*o - 4. Calculate y(-13).
-4
Let j(k) = 333*k - 9371. What is j(28)?
-47
Let j(w) = 40*w - 1833. What is j(46)?
7
Let n(b) = -b**3 + 9*b**2 - 9*b + 20. Calculate n(8).
12
Let a(i) = -i**3 + 15*i**2 + 44*i + 31. Give a(-2).
11
Let v(o) = -194*o**2 - 251*o + 252. What is v(1)?
-193
Let w(k) = -k**3 + 13*k**2 - 9*k - 18. Determine w(12).
18
Let w(n) = -n**3 + 17*n**2 - 36*n + 69. Give w(15).
-21
Let d(z) = -3*z**3 + 10*z**2 - 9*z - 6. What is d(4)?
-74
Let c(l) = -17054*l - 289911. Determine c(-17).
7
Let h(r) = 3668*r - 44012. Give h(12).
4
Let h(j) = -j**2 + 3*j + 20. Determine h(14).
-134
Let i(o) = 26*o**2 - 45*o - 6. Give i(2).
8
Let z(u) = 5*u**2 - 40*u - 20. Determine z(8).
-20
Let a(g) = g**3 - 13*g**2 + 2*g + 20. What is a(6)?
-220
Let d(x) = -x**3 - 54*x**2 - 103*x + 57. What is d(-52)?
5
Let v(m) = -28*m**2 - 81*m - 454. Calculate v(-5).
-749
Let r(m) = -13*m + 7. Calculate r(-1).
20
Let n(a) = -48858*a - 195442. Calculate n(-4).
-10
Let q(v) = v**3 - 17*v**2 + 34*v + 12. Calculate q(14).
-100
Let n(i) = i**2 + 17*i + 18. What is n(-2)?
-12
Let n(y) = -1246*y + 6233. Give n(5).
3
Let w(r) = -r**3 - 16*r**2 - 80*r - 406. Determine w(-12).
-22
Let a(l) = 68*l - 1514. What is a(21)?
-86
Let o(j) = j**3 - 10*j**2 - 104*j + 1031. Calculate o(11).
8
Let y(i) = -37*i + 635. Calculate y(19).
-68
Let m(i) = 2*i**3 - 26*i**2 + 15*i - 188. Give m(13).
7
Let c(p) = -5*p**2 + 61*p + 2925. Give c(31).
11
Let u(w) = -44*w - 55. Determine u(13).
-627
Let r(f) = f**2 + 5*f + 11. What is r(7)?
95
Let q(v) = -66*v**2 - 3*v - 13. Calculate q(-2).
-271
Let c(b) = b**3 - b**2 - 38*b + 110. What is c(4)?
6
Let c(i) = i**2 + 37*i + 84. Determine c(-35).
14
Let k(f) = -410*f + 2857. Determine k(7).
-13
Let q(r) = r**3 + 13*r**2 - 12*r + 90. Give q(-14).
62
Let g(j) = j - 228. Determine g(39).
-189
Let j(b) = 2*b**2 - 25*b - 117. Give j(-5).
58
Let h(n) = -10*n**2 + 4*n + 2. Determine h(-1).
-12
Let b(o) = -14*o**2 + 206*o + 91. Give b(15).
31
Let x(o) = -o**3 - 6*o**2 + 4*o + 55. Give x(-6).
31
Let m(k) = -2*k**3 - 18*k**2 - 31*k - 2. Determine m(-2).
4
Let l(w) = 2*w**3 - 48*w**2 + 11*w - 253. Calculate l(24).
11
Let v(c) = -4*c - 45. What is v(0)?
-45
Let q(x) = 147*x - 10320. Calculate q(70).
-30
Let r(t) = -12*t**2 + 33*t - 106. Give r(3).
-115
Let n(b) = 27*b**2 + 189*b + 558. Determine n(-3).
234
Let s(p) = -3*p**2 + 19*p - 79.